{"id":10668,"date":"2024-04-29T13:56:57","date_gmt":"2024-04-29T11:56:57","guid":{"rendered":"https:\/\/impactpromotion.fr\/?page_id=10668"},"modified":"2025-09-02T11:20:11","modified_gmt":"2025-09-02T09:20:11","slug":"yno-seynod","status":"publish","type":"page","link":"https:\/\/impactpromotion.fr\/index.php\/yno-seynod\/","title":{"rendered":"YNO &#8211; SEYNOD"},"content":{"rendered":"<section class=\"wpb-content-wrapper\"><p>[vc_row][vc_column][vc_single_image image=\u00a0\u00bb11070&Prime; img_size=\u00a0\u00bblarge\u00a0\u00bb alignment=\u00a0\u00bbcenter\u00a0\u00bb css_animation=\u00a0\u00bbwd-slide-from-bottom\u00a0\u00bb parallax_scroll=\u00a0\u00bbno\u00a0\u00bb woodmart_inline=\u00a0\u00bbno\u00a0\u00bb][\/vc_column][\/vc_row][vc_row][vc_column width=\u00a0\u00bb1\/2&Prime;][vc_empty_space height=\u00a0\u00bb62px\u00a0\u00bb woodmart_hide_large=\u00a0\u00bb0&Prime; woodmart_hide_medium=\u00a0\u00bb0&Prime; woodmart_hide_small=\u00a0\u00bb0&Prime;][vc_column_text woodmart_inline=\u00a0\u00bbno\u00a0\u00bb text_larger=\u00a0\u00bbno\u00a0\u00bb]<\/p>\n<h2 data-start=\"212\" data-end=\"270\">YNO \u2013 Parc Pr\u00e9nium : Activit\u00e9s &amp; bureaux \u00e0 Seynod (Annecy)<\/h2>\n<p data-start=\"271\" data-end=\"351\"><strong data-start=\"271\" data-end=\"349\">Un cadre de travail moderne et convivial, \u00e0 deux pas d\u2019Annecy et de l\u2019A41.<\/strong><\/p>\n<p data-start=\"353\" data-end=\"739\">Implant\u00e9 au c\u0153ur de <strong data-start=\"373\" data-end=\"383\">Seynod<\/strong>, dans une zone dynamique b\u00e9n\u00e9ficiant d\u2019un acc\u00e8s direct \u00e0 l\u2019<strong data-start=\"443\" data-end=\"450\">A41<\/strong>, le programme <strong data-start=\"465\" data-end=\"472\">YNO<\/strong> propose une nouvelle fa\u00e7on d\u2019envisager vos espaces professionnels.<br data-start=\"539\" data-end=\"542\" \/>Avec ses <strong data-start=\"551\" data-end=\"596\">espaces partag\u00e9s int\u00e9rieurs et ext\u00e9rieurs<\/strong>, ses <strong data-start=\"602\" data-end=\"624\">bureaux modulables<\/strong> et ses <strong data-start=\"632\" data-end=\"667\">locaux d\u2019activit\u00e9s fonctionnels<\/strong>, YNO garantit \u00e0 vos \u00e9quipes un environnement de travail exceptionnel.<\/p>\n<hr data-start=\"741\" data-end=\"744\" \/>\n<h3 data-start=\"746\" data-end=\"779\">\ud83d\udd11 Un programme d\u2019envergure<\/h3>\n<p data-start=\"780\" data-end=\"834\">Compos\u00e9 de <strong data-start=\"791\" data-end=\"815\">2 b\u00e2timents modernes<\/strong>, YNO d\u00e9veloppe :<\/p>\n<ul data-start=\"835\" data-end=\"983\">\n<li data-start=\"835\" data-end=\"873\">\n<p data-start=\"837\" data-end=\"873\"><strong data-start=\"837\" data-end=\"871\">7 000 m\u00b2 de locaux d\u2019activit\u00e9s<\/strong><\/p>\n<\/li>\n<li data-start=\"874\" data-end=\"983\">\n<p data-start=\"876\" data-end=\"983\"><strong data-start=\"876\" data-end=\"899\">2 300 m\u00b2 de bureaux<\/strong><br data-start=\"899\" data-end=\"902\" \/>Une mixit\u00e9 parfaite pour r\u00e9pondre aux besoins des artisans, TPE, PME et PMI.<\/p>\n<\/li>\n<\/ul>\n<hr data-start=\"985\" data-end=\"988\" \/>\n<p data-start=\"2757\" data-end=\"2877\">[\/vc_column_text][vc_single_image image=\u00a0\u00bb11072&Prime; img_size=\u00a0\u00bblarge\u00a0\u00bb add_caption=\u00a0\u00bbyes\u00a0\u00bb alignment=\u00a0\u00bbcenter\u00a0\u00bb onclick=\u00a0\u00bblink_image\u00a0\u00bb parallax_scroll=\u00a0\u00bbno\u00a0\u00bb woodmart_inline=\u00a0\u00bbno\u00a0\u00bb][vc_column_text woodmart_inline=\u00a0\u00bbno\u00a0\u00bb text_larger=\u00a0\u00bbno\u00a0\u00bb]<\/p>\n<h3 data-start=\"990\" data-end=\"1021\">\ud83d\udd28 Les locaux d\u2019activit\u00e9s<\/h3>\n<p data-start=\"1022\" data-end=\"1087\">Con\u00e7us pour allier confort et praticit\u00e9, les ateliers offrent :<\/p>\n<ul data-start=\"1088\" data-end=\"1377\">\n<li data-start=\"1088\" data-end=\"1130\">\n<p data-start=\"1090\" data-end=\"1130\">Des surfaces divisibles d\u00e8s <strong data-start=\"1118\" data-end=\"1128\">273 m\u00b2<\/strong><\/p>\n<\/li>\n<li data-start=\"1131\" data-end=\"1171\">\n<p data-start=\"1133\" data-end=\"1171\"><strong data-start=\"1133\" data-end=\"1169\">6,15 m \u00e0 6,60 m de hauteur libre<\/strong><\/p>\n<\/li>\n<li data-start=\"1172\" data-end=\"1228\">\n<p data-start=\"1174\" data-end=\"1228\">Une <strong data-start=\"1178\" data-end=\"1201\">mezzanine spacieuse<\/strong> pour bureaux ou stockage<\/p>\n<\/li>\n<li data-start=\"1229\" data-end=\"1302\">\n<p data-start=\"1231\" data-end=\"1302\">Une <strong data-start=\"1235\" data-end=\"1269\">porte sectionnelle motorisable<\/strong> (4 m x 3,50 m ou 4 m x 4,50 m)<\/p>\n<\/li>\n<li data-start=\"1303\" data-end=\"1377\">\n<p data-start=\"1305\" data-end=\"1377\">Des espaces livr\u00e9s <strong data-start=\"1324\" data-end=\"1352\">brut, fluides en attente<\/strong>, pr\u00eats \u00e0 \u00eatre am\u00e9nag\u00e9s<\/p>\n<\/li>\n<\/ul>\n<hr data-start=\"1379\" data-end=\"1382\" \/>\n<h3 data-start=\"1384\" data-end=\"1405\">\ud83d\udda5\ufe0f Les bureaux<\/h3>\n<p data-start=\"1406\" data-end=\"1474\">Modernes et lumineux, ils s\u2019adaptent \u00e0 toutes les configurations :<\/p>\n<ul data-start=\"1475\" data-end=\"1782\">\n<li data-start=\"1475\" data-end=\"1511\">\n<p data-start=\"1477\" data-end=\"1511\">Divisibles \u00e0 partir de <strong data-start=\"1500\" data-end=\"1509\">40 m\u00b2<\/strong><\/p>\n<\/li>\n<li data-start=\"1542\" data-end=\"1637\">\n<p data-start=\"1544\" data-end=\"1637\">Am\u00e9nagements possibles : bureaux cloisonn\u00e9s, open-space, espaces collaboratifs ou coworking<\/p>\n<\/li>\n<li data-start=\"1638\" data-end=\"1782\">\n<p data-start=\"1640\" data-end=\"1782\"><strong data-start=\"1640\" data-end=\"1660\">Espaces partag\u00e9s<\/strong> :\u00a0 2 zones de terrasses ext\u00e9rieures pour favoriser convivialit\u00e9 et bien-\u00eatre au travail<\/p>\n<\/li>\n<\/ul>\n<hr data-start=\"1784\" data-end=\"1787\" \/>\n<p data-start=\"2757\" data-end=\"2877\">[\/vc_column_text][vc_single_image image=\u00a0\u00bb10881&Prime; img_size=\u00a0\u00bblarge\u00a0\u00bb add_caption=\u00a0\u00bbyes\u00a0\u00bb alignment=\u00a0\u00bbcenter\u00a0\u00bb onclick=\u00a0\u00bblink_image\u00a0\u00bb parallax_scroll=\u00a0\u00bbno\u00a0\u00bb woodmart_inline=\u00a0\u00bbno\u00a0\u00bb][vc_column_text woodmart_inline=\u00a0\u00bbno\u00a0\u00bb text_larger=\u00a0\u00bbno\u00a0\u00bb]<\/p>\n<h3 data-start=\"1789\" data-end=\"1822\">\ud83c\udf0d Un programme responsable<\/h3>\n<ul data-start=\"1823\" data-end=\"1954\">\n<li data-start=\"1823\" data-end=\"1887\">\n<p data-start=\"1825\" data-end=\"1887\">B\u00e2timents \u00e9quip\u00e9s de <strong data-start=\"1846\" data-end=\"1885\">panneaux photovolta\u00efques en toiture<\/strong><\/p>\n<\/li>\n<li data-start=\"1888\" data-end=\"1954\">\n<p data-start=\"1890\" data-end=\"1954\">Con\u00e7us pour un usage durable et respectueux de l\u2019environnement<\/p>\n<\/li>\n<\/ul>\n<hr data-start=\"1956\" data-end=\"1959\" \/>\n<h3 data-start=\"1961\" data-end=\"1999\">\ud83d\ude97 Stationnement &amp; accessibilit\u00e9<\/h3>\n<ul data-start=\"2000\" data-end=\"2217\">\n<li data-start=\"2000\" data-end=\"2097\">\n<p data-start=\"2002\" data-end=\"2097\"><strong data-start=\"2002\" data-end=\"2033\">191 places de stationnement<\/strong> dont plusieurs \u00e9quip\u00e9es de <strong data-start=\"2061\" data-end=\"2095\">bornes de recharge \u00e9lectriques<\/strong><\/p>\n<\/li>\n<li data-start=\"2098\" data-end=\"2147\">\n<p data-start=\"2100\" data-end=\"2147\">Nombreuses places disponibles en <strong data-start=\"2133\" data-end=\"2145\">sous-sol<\/strong><\/p>\n<\/li>\n<li data-start=\"2148\" data-end=\"2178\">\n<p data-start=\"2150\" data-end=\"2178\">Acc\u00e8s imm\u00e9diat \u00e0 l\u2019<strong data-start=\"2169\" data-end=\"2176\">A41<\/strong><\/p>\n<\/li>\n<li data-start=\"2179\" data-end=\"2217\">\n<p data-start=\"2181\" data-end=\"2217\">Bus lignes <strong data-start=\"2192\" data-end=\"2203\">8 et 16<\/strong> \u00e0 proximit\u00e9<\/p>\n<\/li>\n<\/ul>\n<hr data-start=\"2219\" data-end=\"2222\" \/>\n<h3 data-start=\"2224\" data-end=\"2261\">\ud83d\udccd Une localisation strat\u00e9gique<\/h3>\n<ul data-start=\"2262\" data-end=\"2385\">\n<li data-start=\"2262\" data-end=\"2303\">\n<p data-start=\"2264\" data-end=\"2303\">\u00c0 <strong data-start=\"2266\" data-end=\"2276\">10 min<\/strong> du centre-ville d\u2019Annecy<\/p>\n<\/li>\n<li data-start=\"2304\" data-end=\"2332\">\n<p data-start=\"2306\" data-end=\"2332\">\u00c0 <strong data-start=\"2308\" data-end=\"2318\">30 min<\/strong> de Chamb\u00e9ry<\/p>\n<\/li>\n<li data-start=\"2333\" data-end=\"2359\">\n<p data-start=\"2335\" data-end=\"2359\">\u00c0 <strong data-start=\"2337\" data-end=\"2347\">35 min<\/strong> de Gen\u00e8ve<\/p>\n<\/li>\n<li data-start=\"2360\" data-end=\"2385\">\n<p data-start=\"2362\" data-end=\"2385\">\u00c0 <strong data-start=\"2364\" data-end=\"2371\">1 h<\/strong> de Grenoble<\/p>\n<\/li>\n<\/ul>\n<p data-start=\"2387\" data-end=\"2498\">Un emplacement central, id\u00e9al pour rayonner sur toute la r\u00e9gion Auvergne Rh\u00f4ne-Alpes et la Suisse voisine.<\/p>\n<hr data-start=\"2500\" data-end=\"2503\" \/>\n<h3 data-start=\"2505\" data-end=\"2542\">\ud83c\udf1f Flexibilit\u00e9 &amp; accompagnement<\/h3>\n<p data-start=\"2543\" data-end=\"2750\"><strong data-start=\"2543\" data-end=\"2581\">Notre ma\u00eetre-mot : la flexibilit\u00e9.<\/strong><br data-start=\"2581\" data-end=\"2584\" \/>Chaque lot est <strong data-start=\"2599\" data-end=\"2638\">modulable, divisible et am\u00e9nageable<\/strong> pour s\u2019adapter \u00e0 votre activit\u00e9. Nous vous accompagnons dans la conception de vos espaces, selon vos besoins.<\/p>\n<hr data-start=\"2752\" data-end=\"2755\" \/>\n<p data-start=\"2757\" data-end=\"2877\">\ud83d\udcde <strong data-start=\"2760\" data-end=\"2875\">Ne manquez pas cette opportunit\u00e9 : contactez-nous pour d\u00e9couvrir les derni\u00e8res disponibilit\u00e9s du programme YNO !<\/strong><\/p>\n<hr data-start=\"985\" data-end=\"988\" \/>\n<p data-start=\"2757\" data-end=\"2877\">\n<hr data-start=\"1784\" data-end=\"1787\" \/>\n<p data-start=\"2757\" data-end=\"2877\">[\/vc_column_text][vc_column_text css_animation=\u00a0\u00bbnone\u00a0\u00bb woodmart_inline=\u00a0\u00bbno\u00a0\u00bb text_larger=\u00a0\u00bbno\u00a0\u00bb]<\/p>\n<h3 class=\"title\"><strong><span style=\"color: #33cccc;\"><span class=\"categ\">CONTACTEZ-NOUS POUR \u00c9CHANGER<\/span><\/span><\/strong><\/h3>\n<h4 class=\"p1\">Aurore HOUSSEMAND &#8211; Responsable commerciale<\/h4>\n<h5>07 67 48 80 88 &#8211; ahoussemand@impactpromotion.fr<\/h5>\n<p>[\/vc_column_text][\/vc_column][vc_column width=\u00a0\u00bb1\/2&Prime;][vc_single_image image=\u00a0\u00bb10883&Prime; img_size=\u00a0\u00bblarge\u00a0\u00bb add_caption=\u00a0\u00bbyes\u00a0\u00bb alignment=\u00a0\u00bbcenter\u00a0\u00bb onclick=\u00a0\u00bblink_image\u00a0\u00bb parallax_scroll=\u00a0\u00bbno\u00a0\u00bb woodmart_inline=\u00a0\u00bbno\u00a0\u00bb][vc_separator wd_hide_on_desktop=\u00a0\u00bbno\u00a0\u00bb wd_hide_on_tablet=\u00a0\u00bbno\u00a0\u00bb wd_hide_on_mobile=\u00a0\u00bbno\u00a0\u00bb][vc_images_carousel images=\u00a0\u00bb11077,11078,11079,11073,11074,11076&Prime; img_size=\u00a0\u00bblarge\u00a0\u00bb speed=\u00a0\u00bb10&Prime; title=\u00a0\u00bbAvancement du chantier (juillet 2025).\u00a0\u00bb][vc_single_image image=\u00a0\u00bb10752&Prime; img_size=\u00a0\u00bb200&#215;100&Prime; title=\u00a0\u00bbEn co-promotion avec\u00a0\u00bb parallax_scroll=\u00a0\u00bbno\u00a0\u00bb woodmart_inline=\u00a0\u00bbno\u00a0\u00bb][vc_single_image image=\u00a0\u00bb10754&Prime; img_size=\u00a0\u00bb200&#215;100&Prime; title=\u00a0\u00bbArchitecte du projet\u00a0\u00bb parallax_scroll=\u00a0\u00bbno\u00a0\u00bb woodmart_inline=\u00a0\u00bbno\u00a0\u00bb][vc_raw_html]JTNDaWZyYW1lJTIwc3JjJTNEJTIyaHR0cHMlM0ElMkYlMkZ3d3cuZ29vZ2xlLmNvbSUyRm1hcHMlMkZlbWJlZCUzRnBiJTNEJTIxMW0xOCUyMTFtMTIlMjExbTMlMjExZDg4ODkyLjUyMjkzNTgyNTYzJTIxMmQ1Ljk4MzI0MzcwNDM5MTQ3NSUyMTNkNDUuODczNDgzNDY1MTk2Nzg0JTIxMm0zJTIxMWYwJTIxMmYwJTIxM2YwJTIxM20yJTIxMWkxMDI0JTIxMmk3NjglMjE0ZjEzLjElMjEzbTMlMjExbTIlMjExczB4NDc4YjlhY2ZiZGRkMmRhOSUyNTNBMHg5MzhlNTlmMmVjODliODg3JTIxMnNDaGVtLiUyNTIwZGVzJTI1MjBQciUyNUMzJTI1QTlzJTI1MjBCb3V2YXV4JTI1MkMlMjUyMEFubmVjeSUyMTVlMCUyMTNtMiUyMTFzZnIlMjEyc2ZyJTIxNHYxNzE0MzkxNzc4NzM4JTIxNW0yJTIxMXNmciUyMTJzZnIlMjIlMjB3aWR0aCUzRCUyMjYwMCUyMiUyMGhlaWdodCUzRCUyMjQ1MCUyMiUyMHN0eWxlJTNEJTIyYm9yZGVyJTNBMCUzQiUyMiUyMGFsbG93ZnVsbHNjcmVlbiUzRCUyMiUyMiUyMGxvYWRpbmclM0QlMjJsYXp5JTIyJTIwcmVmZXJyZXJwb2xpY3klM0QlMjJuby1yZWZlcnJlci13aGVuLWRvd25ncmFkZSUyMiUzRSUzQyUyRmlmcmFtZSUzRQ==[\/vc_raw_html][\/vc_column][vc_column][\/vc_column][vc_column][\/vc_column][vc_column][\/vc_column][\/vc_row][vc_row][vc_column width=\u00a0\u00bb1\/2&Prime;][\/vc_column][vc_column width=\u00a0\u00bb1\/2&Prime;][\/vc_column][\/vc_row]<\/p>\n<\/section>","protected":false},"excerpt":{"rendered":"<p>[vc_row][vc_column][vc_single_image image=\u00a0\u00bb11070&Prime; img_size=\u00a0\u00bblarge\u00a0\u00bb alignment=\u00a0\u00bbcenter\u00a0\u00bb css_animation=\u00a0\u00bbwd-slide-from-bottom\u00a0\u00bb parallax_scroll=\u00a0\u00bbno\u00a0\u00bb woodmart_inline=\u00a0\u00bbno\u00a0\u00bb][\/vc_column][\/vc_row][vc_row][vc_column width=\u00a0\u00bb1\/2&Prime;][vc_empty_space height=\u00a0\u00bb62px\u00a0\u00bb woodmart_hide_large=\u00a0\u00bb0&Prime; woodmart_hide_medium=\u00a0\u00bb0&Prime; woodmart_hide_small=\u00a0\u00bb0&Prime;][vc_column_text woodmart_inline=\u00a0\u00bbno\u00a0\u00bb text_larger=\u00a0\u00bbno\u00a0\u00bb] YNO \u2013 Parc Pr\u00e9nium : Activit\u00e9s<\/p>\n","protected":false},"author":3,"featured_media":0,"parent":0,"menu_order":0,"comment_status":"closed","ping_status":"closed","template":"","meta":{"om_disable_all_campaigns":false,"_monsterinsights_skip_tracking":false,"_monsterinsights_sitenote_active":false,"_monsterinsights_sitenote_note":"","_monsterinsights_sitenote_category":0,"footnotes":""},"class_list":["post-10668","page","type-page","status-publish","hentry"],"aioseo_notices":[],"_links":{"self":[{"href":"https:\/\/impactpromotion.fr\/index.php\/wp-json\/wp\/v2\/pages\/10668","targetHints":{"allow":["GET"]}}],"collection":[{"href":"https:\/\/impactpromotion.fr\/index.php\/wp-json\/wp\/v2\/pages"}],"about":[{"href":"https:\/\/impactpromotion.fr\/index.php\/wp-json\/wp\/v2\/types\/page"}],"author":[{"embeddable":true,"href":"https:\/\/impactpromotion.fr\/index.php\/wp-json\/wp\/v2\/users\/3"}],"replies":[{"embeddable":true,"href":"https:\/\/impactpromotion.fr\/index.php\/wp-json\/wp\/v2\/comments?post=10668"}],"version-history":[{"count":17,"href":"https:\/\/impactpromotion.fr\/index.php\/wp-json\/wp\/v2\/pages\/10668\/revisions"}],"predecessor-version":[{"id":11082,"href":"https:\/\/impactpromotion.fr\/index.php\/wp-json\/wp\/v2\/pages\/10668\/revisions\/11082"}],"wp:attachment":[{"href":"https:\/\/impactpromotion.fr\/index.php\/wp-json\/wp\/v2\/media?parent=10668"}],"curies":[{"name":"wp","href":"https:\/\/api.w.org\/{rel}","templated":true}]}}